{"id":33,"date":"2015-04-20T02:17:58","date_gmt":"2015-04-20T00:17:58","guid":{"rendered":"http:\/\/die-maennerversteherin.de\/?page_id=33"},"modified":"2015-10-20T17:56:00","modified_gmt":"2015-10-20T15:56:00","slug":"kompetenzentwicklung","status":"publish","type":"page","link":"https:\/\/businessrhetorik.de\/?page_id=33","title":{"rendered":"Kompetenzentwicklung"},"content":{"rendered":"<p>Kompetenzentwicklung mit Olaf Stephan<\/p>\n<p><strong>N\u00e4chste Termine auf Anfrage<\/strong><\/p>\n<p><strong>Inhalte<\/strong><\/p>\n<p>Hintergrund: Kompetenzen &amp; Employability<\/p>\n<p>Was ist die Kompetenzenbilanz?<\/p>\n<p>Biographische Sammlung<\/p>\n<p>Lebensprofil<\/p>\n<p>Fertigkeitenanalyse<\/p>\n<p>Kompetenzen belegen<\/p>\n<p>Kompetenzenlandkarte<\/p>\n<p>Selbstbild \/ Fremdbild<\/p>\n<p>Pers\u00f6nliche Zielarbeit<\/p>\n<p><strong>Methoden<\/strong><\/p>\n<p>Input &amp; Dialog<\/p>\n<p>Moderation<\/p>\n<p>Einzel\u00fcbungen<\/p>\n<p>Gruppenarbeiten<\/p>\n<p>Selbstanalyse<\/p>\n<p>Eigenkonzepterstellung (Kompetenzenlandkarte)<\/p>\n<p><strong>Nutzen<\/strong><\/p>\n<p>\u201eErkennen, was man kann, um zu sehen, wohin man will.\u201c Jeder Einzelne muss sich an die zunehmend komplexeren Anfor-derungen des Arbeitsmarktes anpassen. Normal ist heute die Patchworklaufbahn. Jede und jeder Dritte wechselt innerhalb von f\u00fcnf Jahren den Job, die Branche &#8211; oder beides. Die Methodik der Kompetenzenbilanz wurde im Auftrag des Zukunfts-zentrums Tirol gemeinsam mit der Universit\u00e4t M\u00fcnchen unter der Leitung des international anerkannten Wirtschafts- und Organisationspsychologen Prof. Lutz von Rosenstiel erarbeitet und entspricht aus wissenschaftlicher Sicht dem neuesten in-ternationalen Standard. In der Kompetenzenbilanz werden Teilnehmer in beruflichen Auf- und Umbruchsituationen darin unterst\u00fctzt, den eigenen Berufsweg aktiv zu gestalten. Der Fokus liegt hierbei auf der Orientierung an den eigenen St\u00e4rken und Ressourcen. Zugleich ist die Kompetenzenbilanz ein wichtiger Beitrag daf\u00fcr, seine eigene \u201eEmployability\u201c auszubauen und zu verbessern. Wirkungen: kurzfristig deutliche Erh\u00f6hung der pers\u00f6nlichen beruflichen Anpassungsf\u00e4higkeit, langfristig positive Wirkungen auf den Umgang mit Herausforderungen, Belastungen und Stre\u00df.<\/p>\n<p>&nbsp;<\/p>\n","protected":false},"excerpt":{"rendered":"<p>Kompetenzentwicklung mit Olaf Stephan N\u00e4chste Termine auf Anfrage Inhalte Hintergrund: Kompetenzen &amp; Employability Was ist die Kompetenzenbilanz? Biographische Sammlung Lebensprofil Fertigkeitenanalyse Kompetenzen belegen Kompetenzenlandkarte&#8230; &nbsp; <a href=\"https:\/\/businessrhetorik.de\/?page_id=33\" class=\"moretag\">&#8230;. weiter lesen<\/a><\/p>\n","protected":false},"author":1,"featured_media":0,"parent":0,"menu_order":0,"comment_status":"open","ping_status":"open","template":"","meta":[],"_links":{"self":[{"href":"https:\/\/businessrhetorik.de\/index.php?rest_route=\/wp\/v2\/pages\/33"}],"collection":[{"href":"https:\/\/businessrhetorik.de\/index.php?rest_route=\/wp\/v2\/pages"}],"about":[{"href":"https:\/\/businessrhetorik.de\/index.php?rest_route=\/wp\/v2\/types\/page"}],"author":[{"embeddable":true,"href":"https:\/\/businessrhetorik.de\/index.php?rest_route=\/wp\/v2\/users\/1"}],"replies":[{"embeddable":true,"href":"https:\/\/businessrhetorik.de\/index.php?rest_route=%2Fwp%2Fv2%2Fcomments&post=33"}],"version-history":[{"count":4,"href":"https:\/\/businessrhetorik.de\/index.php?rest_route=\/wp\/v2\/pages\/33\/revisions"}],"predecessor-version":[{"id":319,"href":"https:\/\/businessrhetorik.de\/index.php?rest_route=\/wp\/v2\/pages\/33\/revisions\/319"}],"wp:attachment":[{"href":"https:\/\/businessrhetorik.de\/index.php?rest_route=%2Fwp%2Fv2%2Fmedia&parent=33"}],"curies":[{"name":"wp","href":"https:\/\/api.w.org\/{rel}","templated":true}]}}

<p>Kompetenzentwicklung mit Olaf Stephan</p>
<p><strong>Nächste Termine auf Anfrage</strong></p>
<p><strong>Inhalte</strong></p>
<p>Hintergrund: Kompetenzen &amp; Employability</p>
<p>Was ist die Kompetenzenbilanz?</p>
<p>Biographische Sammlung</p>
<p>Lebensprofil</p>
<p>Fertigkeitenanalyse</p>
<p>Kompetenzen belegen</p>
<p>Kompetenzenlandkarte</p>
<p>Selbstbild / Fremdbild</p>
<p>Persönliche Zielarbeit</p>
<p><strong>Methoden</strong></p>
<p>Input &amp; Dialog</p>
<p>Moderation</p>
<p>Einzelübungen</p>
<p>Gruppenarbeiten</p>
<p>Selbstanalyse</p>
<p>Eigenkonzepterstellung (Kompetenzenlandkarte)</p>
<p><strong>Nutzen</strong></p>
<p>„Erkennen, was man kann, um zu sehen, wohin man will.“ Jeder Einzelne muss sich an die zunehmend komplexeren Anfor-derungen des Arbeitsmarktes anpassen. Normal ist heute die Patchworklaufbahn. Jede und jeder Dritte wechselt innerhalb von fünf Jahren den Job, die Branche &#8211; oder beides. Die Methodik der Kompetenzenbilanz wurde im Auftrag des Zukunfts-zentrums Tirol gemeinsam mit der Universität München unter der Leitung des international anerkannten Wirtschafts- und Organisationspsychologen Prof. Lutz von Rosenstiel erarbeitet und entspricht aus wissenschaftlicher Sicht dem neuesten in-ternationalen Standard. In der Kompetenzenbilanz werden Teilnehmer in beruflichen Auf- und Umbruchsituationen darin unterstützt, den eigenen Berufsweg aktiv zu gestalten. Der Fokus liegt hierbei auf der Orientierung an den eigenen Stärken und Ressourcen. Zugleich ist die Kompetenzenbilanz ein wichtiger Beitrag dafür, seine eigene „Employability“ auszubauen und zu verbessern. Wirkungen: kurzfristig deutliche Erhöhung der persönlichen beruflichen Anpassungsfähigkeit, langfristig positive Wirkungen auf den Umgang mit Herausforderungen, Belastungen und Streß.</p>
<p>&nbsp;</p>

<p>Kompetenzentwicklung mit Olaf Stephan Nächste Termine auf Anfrage Inhalte Hintergrund: Kompetenzen &amp; Employability Was ist die Kompetenzenbilanz? Biographische Sammlung Lebensprofil Fertigkeitenanalyse Kompetenzen belegen Kompetenzenlandkarte&#8230; &nbsp; <a href="https://businessrhetorik.de/?page_id=33" class="moretag">&#8230;. weiter lesen</a></p>
